10300753?
False
Is 2070195 a multiple of 395?
True
Is 295293373 a multiple of 1145?
False
Is 15 a factor of 450292875?
True
Is 6 a factor of 70182745?
False
Is 446 a factor of 199784761?
False
Is 329599101 a multiple of 4317?
False
Is 418 a factor of 100232758?
False
Does 1105 divide 88221245?
False
Does 39 divide 4887246?
True
Is 535 a factor of 1510025195?
True
Is 1117 a factor of 285271447?
False
Is 324045582 a multiple of 6276?
False
Is 285422561 a multiple of 4?
False
Is 33 a factor of 30571695?
True
Is 10 a factor of 260020000?
True
Does 330 divide 4938256230?
False
Is 172 a factor of 279585484?
True
Is 1542 a factor of 2075985?
False
Does 5106 divide 1500255132?
True
Is 344185764 a multiple of 92?
False
Does 59 divide 43535392?
True
Is 62 a factor of 1359289112?
False
Does 628 divide 6384914403?
False
Is 290 a factor of 30610725?
False
Is 8 a factor of 85357456?
True
Does 29 divide 2725791032?
False
Is 22073007 a multiple of 11?
True
Is 16 a factor of 2096501353?
False
Does 2609 divide 725262865?
True
Does 1490 divide 20514090?
False
Does 94 divide 394058680?
False
Is 29611623 a multiple of 953?
False
Is 312 a factor of 968731296?
True
Is 194 a factor of 5451400?
True
Is 1124901407 a multiple of 83?
True
Does 19 divide 86221752?
False
Is 38988389 a multiple of 421?
True
Is 5609442838 a multiple of 112?
False
Does 789 divide 254358609?
True
Is 1612552 a multiple of 18?
False
Is 102 a factor of 489254113?
False
Is 408662683 a multiple of 25?
False
Is 1818221439 a multiple of 3449?
False
Is 29 a factor of 214512246?
True
Does 18 divide 16812216?
True
Does 1545 divide 400981575?
True
Is 57377152 a multiple of 56?
True
Is 244 a factor of 39747112?
True
Is 74533099 a multiple of 9?
False
Does 1324 divide 58269614?
False
Does 119 divide 5869913?
True
Does 517 divide 73511444?
False
Is 600 a factor of 121708800?
True
Is 129149715 a multiple of 564?
False
Is 782 a factor of 95471363?
False
Does 19 divide 35305971?
True
Is 13 a factor of 171016404?
True
Is 15571441 a multiple of 142?
False
Is 186 a factor of 194016972?
True
Is 17302905 a multiple of 20?
False
Is 180806220 a multiple of 6239?
True
Does 100 divide 9094045?
False
Is 5 a factor of 872982680?
True
Is 190790191 a multiple of 1140?
False
Is 891246978 a multiple of 1079?
False
Is 83 a factor of 43459099?
False
Does 21 divide 56805483?
True
Is 2934 a factor of 24067602?
True
Is 9930229 a multiple of 407?
False
Is 357989448 a multiple of 474?
True
Is 203247240 a multiple of 2408?
True
Does 62 divide 382625250?
True
Is 708 a factor of 101030167?
False
Does 19 divide 492635705?
True
Is 802685400 a multiple of 3135?
True
Is 557997 a multiple of 11?
True
Does 6358 divide 417459723?
False
Is 20 a factor of 355288705?
False
Is 339772973 a multiple of 5?
False
Does 16 divide 959232326?
False
Is 15 a factor of 497233426?
False
Is 593891 a multiple of 4?
False
Is 62413217 a multiple of 55?
False
Is 635 a factor of 103690225?
False
Is 100661930 a multiple of 17?
True
Does 824 divide 22573480?
True
Is 4195618 a multiple of 19?
True
Is 4031775 a multiple of 204?
False
Is 733 a factor of 133072118?
False
Does 18 divide 1458964809?
False
Does 24 divide 81939816?
True
Does 4683 divide 593109988?
False
Does 56 divide 15526139?
False
Is 501 a factor of 189571456?
False
Is 1726 a factor of 132794988?
True
Is 11 a factor of 5847414?
False
Is 18223173 a multiple of 3?
True
Is 10372676 a multiple of 7?
False
Does 50 divide 5079393?
False
Is 74 a factor of 15149741?
False
Does 2673 divide 222567345?
True
Is 367050420 a multiple of 915?
True
Is 36 a factor of 526591933?
False
Does 3518 divide 152354493?
False
Is 4279122 a multiple of 327?
True
Does 43 divide 88076814?
True
Does 208 divide 145895810?
False
Is 2 a factor of 36991070?
True
Is 1577760192 a multiple of 11050?
False
Is 439766200 a multiple of 850?
True
Is 41857173 a multiple of 16?
False
Is 1192993346 a multiple of 862?
True
Is 254506656 a multiple of 12?
True
Does 456 divide 226395336?
True
Is 2285542 a multiple of 14?
True
Is 1023983240 a multiple of 5449?
False
Is 171136 a multiple of 448?
True
Does 14 divide 454223742?
True
Does 321 divide 381893950?
False
Is 9345512 a multiple of 748?
True
Is 1073 a factor of 9413378?
False
Does 41 divide 668595169?
False
Is 130346673 a multiple of 501?
True
Does 3 divide 273712794?
True
Is 1374 a factor of 14999240?
False
Is 2507904 a multiple of 16?
True
Does 9 divide 418146384?
False
Is 119 a factor of 554289794?
False
Is 556440300 a multiple of 1300?
True
Is 6142 a factor of 137279842?
True
Is 158369094 a multiple of 27?
True
Does 11 divide 191779635?
False
Does 19 divide 2524628059?
True
Does 315 divide 119886165?
True
Is 28 a factor of 11418708?
True
Is 48051006 a multiple of 76?
False
Is 563950992 a multiple of 1936?
True
Is 24492704 a multiple of 58?
True
Is 1585 a factor of 5097229?
False
Does 190 divide 296120320?
True
Is 55244826 a multiple of 234?
True
Is 43 a factor of 110867889?
True
Is 26562432 a multiple of 416?
True
Is 112326131 a multiple of 472?
False
Does 5736 divide 83986512?
True
Does 510 divide 83408892?
False
Is 1086 a factor of 295325754?
True
Is 496978785 a multiple of 1534?
False
Is 145295425 a multiple of 40?
False
Does 643 divide 3565681471?
False
Is 228220003 a multiple of 40?
False
Does 2941 divide 102575835?
False
Is 2640189 a multiple of 29?
True
Is 38919 a multiple of 5?
False
Is 27779142 a multiple of 49?
False
Is 396185944 a multiple of 77?
True
Is 518124180 a multiple of 14?
True
Is 26 a factor of 215604090?
True
Does 24 divide 100159225?
False
Is 6 a factor of 69677255?
False
Is 165 a factor of 1038660150?
True
Does 2787 divide 112881861?
True
Does 19 divide 451508245?
False
Is 30 a factor of 92262117?
False
Does 1266 divide 210156?
True
Does 69 divide 284753133?
True
Is 1583998490 a multiple of 91?
False
Does 2509 divide 34689434?
True
Is 56823444 a multiple of 54?
True
Is 5299920 a multiple of 21?
False
Does 492 divide 946576613?
False
Does 1133 divide 45205567?
True
Is 215499564 a multiple of 16?
False
Is 240 a factor of 31831200?
True
Is 442 a factor of 1882397261?
False
Is 44394498 even?
True
Is 7045733 a multiple of 1544?
False
Does 202 divide 49391020?
True
Is 22 a factor of 7429913845?
False
Does 1709 divide 4355603543?
True
Is 184 a factor of 32405419?
False
Does 10 divide 48274620?
True
Does 27 divide 1061269965?
True
Is 180 a factor of 947516807?
False
Does 74 divide 749296842?
True
Is 235411271 a multiple of 395?
False
Is 349 a factor of 402649327?
True
Does 11 divide 133746962?
False
Is 40 a factor of 1460937?
False
Is 46 a factor of 23754590?
False
Is 1968 a factor of 206438054?
False
Is 3 a factor of 93872926?
False
Is 74 a factor of 63119513?
False
Is 546394 a multiple of 5?
False
Is 49181872 a multiple of 16?
True
Is 5484857768 a multiple of 509?
True
Is 98431536 a multiple of 813?
True
Is 8 a factor of 802113842?
False
Does 4789 divide 365201151?
False
Is 128 a factor of 651557768?
False
Does 100 divide 53995760?
False
Does 4931 divide 1767282269?
False
Is 9 a factor of 72167094?
True
Is 4 a factor of 68541045?
False
Does 157 divide 38844948?
False
Is 212 a factor of 8397365?
False
Is 615407146 a multiple of 4787?
True
Does 3154 divide 96335240?
False
Is 3079222 a multiple of 23?
False
Is 311 a factor of 59575160?
True
Is 13 a factor of 532896?
True
Is 785969051 a multiple of 333?
False
Does 69 divide 71259819?
True
Is 139 a factor of 633203518?
False
Is 2688 a factor of 346056432?
False
Does 683 divide 19212790?
True
Is 221 a factor of 4498904?
False
Is 1280397 a multiple of 6?
False
Is 17 a factor of 1731612547?
False
Is 213057377 a multiple of 183?
False
Is 812139518 a multiple of 26?
False
Does 1360 divide 13938173?
False
Is 5 a factor of 211516?
False
Is 2686 a factor of 2030895563?
False
Is 1901635878 a multiple of 6698?
True
Is 244651680 a multiple of 3120?
True
Does 77 divide 62452159?
True
Is 1275881605 a multiple of 29?
False
Is 105037020 a multiple of 39?
False
Is 321 a factor of 75306279?
True
Is 557827650 a multiple of 45?
True
Is 21885066 a multiple of 919?
True
Is 1651 a factor of 117153309?
True
Does 6 divide 1056561540?
True
Does 637 divide 369257434?
True
Is 4514525 a multiple of 25?
True
Is 3853652480 a multiple of 9928?
True
Does 104